ivisor of 43290 and 26663.
13
What is the greatest common divisor of 2482 and 21454?
34
Calculate the greatest common divisor of 3093800349 and 83.
83
Calculate the highest common factor of 4635467 and 83.
83
Calculate the greatest common factor of 22 and 93065159.
11
What is the highest common factor of 1696 and 737152?
32
Calculate the highest common factor of 27747286 and 70.
14
Calculate the greatest common factor of 2885 and 323948572.
577
What is the greatest common divisor of 13175 and 3684920?
85
Calculate the highest common factor of 3296 and 1568999.
103
Calculate the highest common factor of 178 and 9427681.
89
What is the highest common divisor of 105826 and 277396?
14
Calculate the highest common divisor of 7783 and 340861.
43
What is the highest common divisor of 16 and 82719496?
8
What is the highest common factor of 5434854 and 2?
2
What is the greatest common factor of 37098870 and 420?
30
What is the greatest common divisor of 3756474 and 4887?
1629
Calculate the greatest common divisor of 27526155 and 6726.
3363
What is the greatest common factor of 12838 and 1491308?
14
Calculate the highest common divisor of 5673167 and 21220.
1061
What is the greatest common divisor of 40 and 17451130?
10
What is the highest common factor of 23451579 and 27?
27
Calculate the greatest common divisor of 591678380 and 160.
20
Calculate the greatest common divisor of 30284492 and 19908.
2212
What is the highest common divisor of 34190 and 1362530?
130
What is the highest common factor of 15893534 and 106?
106
Calculate the highest common divisor of 725 and 39229460.
145
What is the highest common divisor of 69737273 and 417?
139
Calculate the highest common divisor of 2704360 and 760480.
3880
Calculate the greatest common divisor of 1998 and 2889922.
74
What is the highest common factor of 104712993 and 1141?
1141
What is the highest common divisor of 570 and 790220868?
114
What is the highest common factor of 288948 and 454516?
796
What is the greatest common factor of 37238896 and 3178?
454
What is the highest common divisor of 2317696874 and 76?
38
What is the highest common factor of 19 and 131876473?
19
Calculate the highest common divisor of 4068 and 14271561.
1017
What is the highest common divisor of 4252565 and 38992?
2437
Calculate the greatest common factor of 497 and 51149.
7
What is the highest common factor of 8256 and 11941530?
258
What is the highest common factor of 11480 and 1776120?
1640
What is the highest common factor of 21078376 and 1408?
88
Calculate the greatest common divisor of 41520 and 44460.
60
What is the greatest common divisor of 42858 and 628812?
18
Calculate the highest common factor of 335712 and 1075152.
624
What is the highest common divisor of 168642965 and 1?
1
What is the highest common factor of 506384 and 6608?
16
What is the greatest common factor of 3581722 and 5150?
206
Calculate the greatest common factor of 32 and 28711600.
16
What is the greatest common divisor of 4958 and 35629796?
134
Calculate the greatest common divisor of 218988254 and 442.
34
Calculate the highest common factor of 94805857 and 1262.
631
What is the greatest common divisor of 2834778 and 7266?
1038
Calculate the greatest common divisor of 48335096 and 15265.
3053
Calculate the highest common factor of 404011472 and 32.
16
What is the greatest common divisor of 1850 and 93977900?
50
What is the highest common divisor of 6008727 and 6831?
69
What is the highest common factor of 117079711 and 15603?
5201
What is the highest common divisor of 105042276 and 36?
36
What is the greatest common factor of 70446 and 191040?
1194
What is the greatest common factor of 120 and 5863992?
24
Calculate the highest common factor of 7930 and 741028366.
1586
What is the greatest common divisor of 529326 and 2646?
126
What is the highest common divisor of 2055472791 and 683?
683
What is the highest common divisor of 1834 and 6777154?
262
What is the greatest common divisor of 113 and 1373639413?
113
Calculate the highest common factor of 1826099 and 7216.
451
What is the highest common factor of 300 and 66475?
25
What is the highest common divisor of 2151959 and 508606?
2137
Calculate the greatest common divisor of 22822695 and 6615.
945
What is the highest common divisor of 355020 and 2024002?
194
What is the greatest common divisor of 38 and 93072944?
38
Calculate the highest common divisor of 118335 and 60490.
115
Calculate the greatest common divisor of 198 and 55954140.
66
Calculate the highest common divisor of 762 and 1252474.
254
What is the highest common factor of 147406381 and 2216?
277
Calculate the highest common factor of 55335 and 10165365.
3255
Calculate the highest common divisor of 842 and 133819060.
842
Calculate the highest common divisor of 1782 and 26065314.
1782
Calculate the greatest common divisor of 271 and 24465338.
271
What is the greatest common divisor of 13567493 and 100901?
2461
Calculate the greatest common divisor of 180 and 9731610.
90
What is the greatest common divisor of 506 and 26114539?
11
What is the highest common factor of 4654 and 9027686?
358
Calculate the greatest common divisor of 300674 and 1826.
22
Calculate the greatest common factor of 1263318 and 187572.
294
What is the highest common divisor of 7031812 and 816?
68
What is the greatest common factor of 123947 and 54207?
317
Calculate the highest common factor of 3756318 and 40715.
479
Calculate the greatest common divisor of 9730 and 79332860.
1390
What is the greatest common factor of 513040 and 66308?
484
What is the greatest common divisor of 6042 and 272404577?
1007
Calculate the highest common divisor of 5358 and 28701020.
1786
What is the highest common factor of 3453060628 and 7988?
7988
What is the greatest common factor of 22280 and 16194775?
2785
What is the greatest common factor of 2520 and 5206700?
20
What is the highest common divisor of 168 and 6681228?
12
What is the highest common divisor of 96066 and 2776426?
1186
Calculate the highest common divisor of 24929662 and 71.
71
Calculate the highest common divisor of 8711 and 3181022003.
8711
Calculate the highest common divisor of 140 and 573589660.
140
Calculate the greatest common factor of 10658 and 2336.
146
Calculate the greatest common factor of 336 and 83260842.
42
Calculate the greatest common factor of 451668 and 528276.
1596
Calculate the greatest common factor of 10261 and 4768717.
331
What is the greatest common divisor of 3492485 and 589?
19
Calculate the highest common divisor of 15864 and 117912.
24
Calculate the greatest common factor of 475 and 154450.
25
What is the greatest common factor of 3446 and 21208407?
1723
What is the greatest common factor of 40185 and 223065?
45
What is the greatest common divisor of 23840 and 70229660?
2980
What is the highest common divisor of 319 and 10263187?
319
Calculate the highest common factor of 3429 and 846909.
27
What is the highest common factor of 16 and 865790?
2
What is the greatest common factor of 22 and 367084256?
22
Calculate the highest common factor of 23828 and 276575.
851
Calculate the highest common factor of 136817 and 202847.
71
What is the highest common factor of 11750 and 590250?
250
What is the highest common factor of 2990406 and 2?
2
Calculate the highest common factor of 43 and 27155962.
43
What is the highest common factor of 422497360 and 3440?
3440
Calculate the greatest common divisor of 22173 and 735547.
19
What is the highest common factor of 279579807 and 377?
377
What is the highest common divisor of 54 and 5934996?
18
Calculate the highest common factor of 2744565 and 102.
51
What is the greatest common divisor of 3684 and 3126?
6
What is the greatest common factor of 444136 and 42?
14
What is the greatest common divisor of 17066 and 299503424?
2438
What is the highest common divisor of 1146 and 11765409?
573
What is the highest common factor of 939860670 and 1470?
1470
What is the greatest common factor of 624451520 and 1408?
704
What is the greatest common divisor of 72 and 12087528?
24
Calculate the highest common divisor of 2244 and 40951020.
132
What is the highest common factor of 2872876 and 988?
76
Calculate the highest common divisor of 328590950 and 25.
25
Calculate the highes